{"id":13,"date":"2013-06-14T17:00:17","date_gmt":"2013-06-14T17:00:17","guid":{"rendered":"http:\/\/saboresdelperu.com.ar\/web2013\/?page_id=13"},"modified":"2018-01-23T13:50:17","modified_gmt":"2018-01-23T13:50:17","slug":"quienes-somos","status":"publish","type":"page","link":"https:\/\/saboresdelperu.com.ar\/gralpaz\/quienes-somos\/","title":{"rendered":"Nosotros"},"content":{"rendered":"<p style=\"text-align: justify;\"><a href=\"http:\/\/saboresdelperu.com.ar\/web2013\/wp-content\/uploads\/2013\/06\/nosotros.jpg\"><img loading=\"lazy\" decoding=\"async\" class=\"alignleft size-full wp-image-470\" src=\"http:\/\/saboresdelperu.com.ar\/web2013\/wp-content\/uploads\/2013\/06\/nosotros.jpg\" alt=\"Nosotros\" width=\"351\" height=\"488\" \/><\/a>Con la finalidad y compromiso de difundir la variada riqueza culinaria de la gastronom\u00eda peruana m\u00e1s all\u00e1 de sus fronteras, SABORES DEL PER\u00da deleita a miles de visitantes desde sus comienzos. Con su variada carta seduce a emprender un viaje imaginario, a los distintos lugares del Per\u00fa, saboreando sus exquisitos platos entre Anticuchos, Lomo saltado, Cebiches, Picarones, etc.<\/p>\n<p>&nbsp;<\/p>\n<p style=\"text-align: justify;\">SABORES DEL PER\u00da tiene sus inicios en el a\u00f1o 1997 en un antiguo local de la calle Maip\u00fa esquina Catamarca, cuyo nombre inicial fue LA CASA DE TODOS, un peque\u00f1o lugar con capacidad para 40 cubiertos que pronto fue necesario reemplazar por un lugar m\u00e1s amplio; actualmente se sit\u00faa en una tradicional casona del a\u00f1o 1900 ubicado en el barrio de Alta C\u00f3rdoba y actualmente tambi\u00e9n en una casona en Barrio General Paz Catamarca 1042.<\/p>\n<p>&nbsp;<\/p>\n<p style=\"text-align: justify;\">Con un amplio sal\u00f3n con capacidad de 100 cubiertos\u00a0SABORES DEL PER\u00da se presenta como una exclusiva opci\u00f3n en esta rejuvenecida zona de la ciudad de C\u00f3rdoba; el restaurante cuenta con un destacado personal de cocina bajo la direcci\u00f3n de un chef peruano y la supervisi\u00f3n de su propietario Juan Valverde Villarreal.<\/p>\n","protected":false},"excerpt":{"rendered":"<p>Con la finalidad y compromiso de difundir la variada riqueza culinaria de la gastronom\u00eda peruana m\u00e1s all\u00e1 de sus fronteras, SABORES DEL PER\u00da deleita a miles de visitantes desde sus comienzos. Con su variada carta seduce a emprender un viaje imaginario, a los distintos lugares del Per\u00fa, saboreando sus exquisitos platos entre Anticuchos, Lomo saltado, Cebiches, Picarones, etc. &nbsp; SABORES &#8230;<\/p>\n","protected":false},"author":1,"featured_media":0,"parent":0,"menu_order":0,"comment_status":"open","ping_status":"open","template":"page-full.php","meta":{"footnotes":""},"class_list":["post-13","page","type-page","status-publish","hentry"],"_links":{"self":[{"href":"https:\/\/saboresdelperu.com.ar\/gralpaz\/wp-json\/wp\/v2\/pages\/13","targetHints":{"allow":["GET"]}}],"collection":[{"href":"https:\/\/saboresdelperu.com.ar\/gralpaz\/wp-json\/wp\/v2\/pages"}],"about":[{"href":"https:\/\/saboresdelperu.com.ar\/gralpaz\/wp-json\/wp\/v2\/types\/page"}],"author":[{"embeddable":true,"href":"https:\/\/saboresdelperu.com.ar\/gralpaz\/wp-json\/wp\/v2\/users\/1"}],"replies":[{"embeddable":true,"href":"https:\/\/saboresdelperu.com.ar\/gralpaz\/wp-json\/wp\/v2\/comments?post=13"}],"version-history":[{"count":39,"href":"https:\/\/saboresdelperu.com.ar\/gralpaz\/wp-json\/wp\/v2\/pages\/13\/revisions"}],"predecessor-version":[{"id":705,"href":"https:\/\/saboresdelperu.com.ar\/gralpaz\/wp-json\/wp\/v2\/pages\/13\/revisions\/705"}],"wp:attachment":[{"href":"https:\/\/saboresdelperu.com.ar\/gralpaz\/wp-json\/wp\/v2\/media?parent=13"}],"curies":[{"name":"wp","href":"https:\/\/api.w.org\/{rel}","templated":true}]}}