{"id":22,"date":"2013-06-14T17:02:22","date_gmt":"2013-06-14T17:02:22","guid":{"rendered":"http:\/\/saboresdelperu.com.ar\/web2013\/?page_id=22"},"modified":"2025-01-06T16:27:02","modified_gmt":"2025-01-06T16:27:02","slug":"contacto","status":"publish","type":"page","link":"https:\/\/saboresdelperu.com.ar\/altacba\/?page_id=22","title":{"rendered":"Contacto"},"content":{"rendered":"<h3>Sabores del Per\u00fa Alta C\u00f3rdoba<\/h3>\n<p><div class=\"alert-box red round\">ESTAMOS TRABAJANDO CON DELIVERY<\/div><br \/>\nJer\u00f3nimo Luis de Cabrera 1041, Barrio Alta C\u00f3rdoba<br \/>\nCel: 0351 156376388<br \/>\nMail: altacordoba@saboresdelperu.com.ar<\/p>\n<p><iframe loading=\"lazy\" style=\"border: 0;\" src=\"https:\/\/www.google.com\/maps\/embed?pb=!1m18!1m12!1m3!1d3405.6768151519236!2d-64.19294038437754!3d-31.395473702383175!2m3!1f0!2f0!3f0!3m2!1i1024!2i768!4f13.1!3m3!1m2!1s0x943298611f36ebfb%3A0xf0d01b480132f9ed!2sSabores+del+Per%C3%BA!5e0!3m2!1ses-419!2sar!4v1486612419322\" width=\"642\" height=\"350\" frameborder=\"0\" allowfullscreen=\"allowfullscreen\"><\/iframe><\/p>\n<h3>Sabores del Per\u00fa\u00a0General Paz<\/h3>\n<p>Catamarca\u00a01042,\u00a0Barrio General Paz<br \/>\nTe: 0351 4270419<br \/>\nCel: 0351 156376388<br \/>\nMail: generalpaz@saboresdelperu.com.ar<br \/>\nHorarios: Martes a S\u00e1bados de 12 a 15 hs. y de 20:30 a 00 hs. &#8211; Domingos de 12 a 15 hs.<\/p>\n<p><iframe loading=\"lazy\" style=\"border: 0;\" src=\"https:\/\/www.google.com\/maps\/embed?pb=!1m18!1m12!1m3!1d3405.0555844064284!2d-64.17205908437704!3d-31.41259460321284!2m3!1f0!2f0!3f0!3m2!1i1024!2i768!4f13.1!3m3!1m2!1s0x9432a2a1b790bd61%3A0x322d09db4cb50f6b!2sCatamarca+1042%2C+X5004FLL+C%C3%B3rdoba!5e0!3m2!1ses-419!2sar!4v1486612292540\" width=\"642\" height=\"350\" frameborder=\"0\" allowfullscreen=\"allowfullscreen\"><\/iframe><\/p>\n","protected":false},"excerpt":{"rendered":"<p>Sabores del Per\u00fa Alta C\u00f3rdoba Jer\u00f3nimo Luis de Cabrera 1041, Barrio Alta C\u00f3rdoba Cel: 0351 156376388 Mail: altacordoba@saboresdelperu.com.ar Sabores del Per\u00fa\u00a0General Paz Catamarca\u00a01042,\u00a0Barrio General Paz Te: 0351 4270419 Cel: 0351 156376388 Mail: generalpaz@saboresdelperu.com.ar Horarios: Martes a S\u00e1bados de 12 a 15 hs. y de 20:30 a 00 hs. &#8211; Domingos de 12 a 15 hs.<\/p>\n","protected":false},"author":1,"featured_media":0,"parent":0,"menu_order":0,"comment_status":"open","ping_status":"open","template":"page-contact.php","meta":{"footnotes":""},"class_list":["post-22","page","type-page","status-publish","hentry"],"_links":{"self":[{"href":"https:\/\/saboresdelperu.com.ar\/altacba\/index.php?rest_route=\/wp\/v2\/pages\/22","targetHints":{"allow":["GET"]}}],"collection":[{"href":"https:\/\/saboresdelperu.com.ar\/altacba\/index.php?rest_route=\/wp\/v2\/pages"}],"about":[{"href":"https:\/\/saboresdelperu.com.ar\/altacba\/index.php?rest_route=\/wp\/v2\/types\/page"}],"author":[{"embeddable":true,"href":"https:\/\/saboresdelperu.com.ar\/altacba\/index.php?rest_route=\/wp\/v2\/users\/1"}],"replies":[{"embeddable":true,"href":"https:\/\/saboresdelperu.com.ar\/altacba\/index.php?rest_route=%2Fwp%2Fv2%2Fcomments&post=22"}],"version-history":[{"count":17,"href":"https:\/\/saboresdelperu.com.ar\/altacba\/index.php?rest_route=\/wp\/v2\/pages\/22\/revisions"}],"predecessor-version":[{"id":728,"href":"https:\/\/saboresdelperu.com.ar\/altacba\/index.php?rest_route=\/wp\/v2\/pages\/22\/revisions\/728"}],"wp:attachment":[{"href":"https:\/\/saboresdelperu.com.ar\/altacba\/index.php?rest_route=%2Fwp%2Fv2%2Fmedia&parent=22"}],"curies":[{"name":"wp","href":"https:\/\/api.w.org\/{rel}","templated":true}]}}